{"id":50,"date":"2020-12-30T20:20:18","date_gmt":"2020-12-30T19:20:18","guid":{"rendered":"https:\/\/www.bioteka-piestany.sk\/?page_id=50"},"modified":"2024-11-07T20:34:36","modified_gmt":"2024-11-07T19:34:36","slug":"biorezonancia","status":"publish","type":"page","link":"https:\/\/www.bioteka-piestany.sk\/?page_id=50","title":{"rendered":"Biorezonancia"},"content":{"rendered":"\t\t<div data-elementor-type=\"wp-page\" data-elementor-id=\"50\" class=\"elementor elementor-50\">\n\t\t\t\t\t\t<div class=\"elementor-inner\">\n\t\t\t\t<div class=\"elementor-section-wrap\">\n\t\t\t\t\t\t\t\t\t<section class=\"elementor-section elementor-top-section elementor-element elementor-element-eea3b5c elementor-section-boxed elementor-section-height-default elementor-section-height-default\" data-id=\"eea3b5c\" data-element_type=\"section\">\n\t\t\t\t\t\t<div class=\"elementor-container elementor-column-gap-default\">\n\t\t\t\t\t\t\t<div class=\"elementor-row\">\n\t\t\t\t\t<div class=\"elementor-column elementor-col-100 elementor-top-column elementor-element elementor-element-c822e45\" data-id=\"c822e45\" data-element_type=\"column\">\n\t\t\t<div class=\"elementor-column-wrap elementor-element-populated\">\n\t\t\t\t\t\t\t<div class=\"elementor-widget-wrap\">\n\t\t\t\t\t\t<div class=\"elementor-element elementor-element-9196ab6 elementor-widget elementor-widget-text-editor\" data-id=\"9196ab6\" data-element_type=\"widget\" data-widget_type=\"text-editor.default\">\n\t\t\t\t<div class=\"elementor-widget-container\">\n\t\t\t\t\t\t\t\t<div class=\"elementor-text-editor elementor-clearfix\">\n\t\t\t\t<h2 style=\"text-align: center;\">BIOREZONANCIA<\/h2>\n<h1><img loading=\"lazy\" decoding=\"async\" class=\"alignleft wp-image-925 size-medium\" src=\"https:\/\/www.bioteka-piestany.sk\/wp-content\/uploads\/2024\/11\/sukulent-1-300x225.jpg\" alt=\"\" width=\"300\" height=\"225\" srcset=\"https:\/\/www.bioteka-piestany.sk\/wp-content\/uploads\/2024\/11\/sukulent-1-300x225.jpg 300w, https:\/\/www.bioteka-piestany.sk\/wp-content\/uploads\/2024\/11\/sukulent-1-1024x768.jpg 1024w, https:\/\/www.bioteka-piestany.sk\/wp-content\/uploads\/2024\/11\/sukulent-1-768x576.jpg 768w, https:\/\/www.bioteka-piestany.sk\/wp-content\/uploads\/2024\/11\/sukulent-1-850x638.jpg 850w, https:\/\/www.bioteka-piestany.sk\/wp-content\/uploads\/2024\/11\/sukulent-1.jpg 1224w\" sizes=\"auto, (max-width: 300px) 100vw, 300px\" \/><\/h1>\n<p>Viac o biorezonancii na:<\/p>\n<ul>\n<li><span style=\"text-decoration: underline; color: #99cc00;\"><a style=\"color: #99cc00; text-decoration: underline;\" href=\"https:\/\/www.bioteka-piestany.sk\/?page_id=70\">O biorezonancii<\/a><\/span><\/li>\n<li><span style=\"text-decoration: underline; color: #99cc00;\"><a style=\"color: #99cc00; text-decoration: underline;\" href=\"https:\/\/www.bioteka-piestany.sk\/?page_id=143\">Hist\u00f3ria biorezonacie<\/a><\/span><\/li>\n<li><span style=\"text-decoration: underline; color: #99cc00;\"><a style=\"color: #99cc00; text-decoration: underline;\" href=\"https:\/\/www.bioteka-piestany.sk\/?page_id=146\">Princ\u00edpy biorezonancie<\/a><\/span><\/li>\n<\/ul>\t\t\t\t\t<\/div>\n\t\t\t\t\t\t<\/div>\n\t\t\t\t<\/div>\n\t\t\t\t\t\t<\/div>\n\t\t\t\t\t<\/div>\n\t\t<\/div>\n\t\t\t\t\t\t\t\t<\/div>\n\t\t\t\t\t<\/div>\n\t\t<\/section>\n\t\t\t\t<section class=\"elementor-section elementor-top-section elementor-element elementor-element-ec56eb7 elementor-section-boxed elementor-section-height-default elementor-section-height-default\" data-id=\"ec56eb7\" data-element_type=\"section\">\n\t\t\t\t\t\t<div class=\"elementor-container elementor-column-gap-default\">\n\t\t\t\t\t\t\t<div class=\"elementor-row\">\n\t\t\t\t\t<div class=\"elementor-column elementor-col-100 elementor-top-column elementor-element elementor-element-85b8496\" data-id=\"85b8496\" data-element_type=\"column\">\n\t\t\t<div class=\"elementor-column-wrap elementor-element-populated\">\n\t\t\t\t\t\t\t<div class=\"elementor-widget-wrap\">\n\t\t\t\t\t\t<div class=\"elementor-element elementor-element-cf1b6d4 elementor-widget elementor-widget-spacer\" data-id=\"cf1b6d4\" data-element_type=\"widget\" data-widget_type=\"spacer.default\">\n\t\t\t\t<div class=\"elementor-widget-container\">\n\t\t\t\t\t<div class=\"elementor-spacer\">\n\t\t\t<div class=\"elementor-spacer-inner\"><\/div>\n\t\t<\/div>\n\t\t\t\t<\/div>\n\t\t\t\t<\/div>\n\t\t\t\t\t\t<\/div>\n\t\t\t\t\t<\/div>\n\t\t<\/div>\n\t\t\t\t\t\t\t\t<\/div>\n\t\t\t\t\t<\/div>\n\t\t<\/section>\n\t\t\t\t\t\t\t\t\t<\/div>\n\t\t\t<\/div>\n\t\t\t\t\t<\/div>\n\t\t","protected":false},"excerpt":{"rendered":"<p>BIOREZONANCIA Viac o biorezonancii na: O biorezonancii Hist\u00f3ria biorezonacie Princ\u00edpy biorezonancie<\/p>\n","protected":false},"author":1,"featured_media":0,"parent":0,"menu_order":0,"comment_status":"closed","ping_status":"closed","template":"","meta":{"_monsterinsights_skip_tracking":false,"_monsterinsights_sitenote_active":false,"_monsterinsights_sitenote_note":"","_monsterinsights_sitenote_category":0,"footnotes":""},"class_list":["post-50","page","type-page","status-publish","hentry"],"yoast_head":"<!-- This site is optimized with the Yoast SEO plugin v16.0 - https:\/\/yoast.com\/wordpress\/plugins\/seo\/ -->\n<title>Biorezonancia - Biot\u00e9ka Pie\u0161\u0165any<\/title>\n<link rel=\"canonical\" href=\"https:\/\/www.bioteka-piestany.sk\/?page_id=50\" \/>\n<meta property=\"og:locale\" content=\"sk_SK\" \/>\n<meta property=\"og:type\" content=\"article\" \/>\n<meta property=\"og:title\" content=\"Biorezonancia - Biot\u00e9ka Pie\u0161\u0165any\" \/>\n<meta property=\"og:description\" content=\"BIOREZONANCIA Viac o biorezonancii na: O biorezonancii Hist\u00f3ria biorezonacie Princ\u00edpy biorezonancie\" \/>\n<meta property=\"og:url\" content=\"https:\/\/www.bioteka-piestany.sk\/?page_id=50\" \/>\n<meta property=\"og:site_name\" content=\"Biot\u00e9ka Pie\u0161\u0165any\" \/>\n<meta property=\"article:modified_time\" content=\"2024-11-07T19:34:36+00:00\" \/>\n<meta property=\"og:image\" content=\"https:\/\/www.bioteka-piestany.sk\/wp-content\/uploads\/2024\/11\/sukulent-1-300x225.jpg\" \/>\n<meta name=\"twitter:card\" content=\"summary_large_image\" \/>\n<meta name=\"twitter:label1\" content=\"Predpokladan\u00fd \u010das \u010d\u00edtania\">\n\t<meta name=\"twitter:data1\" content=\"1 min\u00fata\">\n<script type=\"application\/ld+json\" class=\"yoast-schema-graph\">{\"@context\":\"https:\/\/schema.org\",\"@graph\":[{\"@type\":\"WebSite\",\"@id\":\"https:\/\/www.bioteka-piestany.sk\/#website\",\"url\":\"https:\/\/www.bioteka-piestany.sk\/\",\"name\":\"Biot\\u00e9ka Pie\\u0161\\u0165any\",\"description\":\"\",\"potentialAction\":[{\"@type\":\"SearchAction\",\"target\":\"https:\/\/www.bioteka-piestany.sk\/?s={search_term_string}\",\"query-input\":\"required name=search_term_string\"}],\"inLanguage\":\"sk-SK\"},{\"@type\":\"ImageObject\",\"@id\":\"https:\/\/www.bioteka-piestany.sk\/?page_id=50#primaryimage\",\"inLanguage\":\"sk-SK\",\"url\":\"https:\/\/www.bioteka-piestany.sk\/wp-content\/uploads\/2024\/11\/sukulent-1.jpg\",\"width\":1224,\"height\":918},{\"@type\":\"WebPage\",\"@id\":\"https:\/\/www.bioteka-piestany.sk\/?page_id=50#webpage\",\"url\":\"https:\/\/www.bioteka-piestany.sk\/?page_id=50\",\"name\":\"Biorezonancia - Biot\\u00e9ka Pie\\u0161\\u0165any\",\"isPartOf\":{\"@id\":\"https:\/\/www.bioteka-piestany.sk\/#website\"},\"primaryImageOfPage\":{\"@id\":\"https:\/\/www.bioteka-piestany.sk\/?page_id=50#primaryimage\"},\"datePublished\":\"2020-12-30T19:20:18+00:00\",\"dateModified\":\"2024-11-07T19:34:36+00:00\",\"breadcrumb\":{\"@id\":\"https:\/\/www.bioteka-piestany.sk\/?page_id=50#breadcrumb\"},\"inLanguage\":\"sk-SK\",\"potentialAction\":[{\"@type\":\"ReadAction\",\"target\":[\"https:\/\/www.bioteka-piestany.sk\/?page_id=50\"]}]},{\"@type\":\"BreadcrumbList\",\"@id\":\"https:\/\/www.bioteka-piestany.sk\/?page_id=50#breadcrumb\",\"itemListElement\":[{\"@type\":\"ListItem\",\"position\":1,\"item\":{\"@type\":\"WebPage\",\"@id\":\"https:\/\/www.bioteka-piestany.sk\/\",\"url\":\"https:\/\/www.bioteka-piestany.sk\/\",\"name\":\"Home\"}},{\"@type\":\"ListItem\",\"position\":2,\"item\":{\"@type\":\"WebPage\",\"@id\":\"https:\/\/www.bioteka-piestany.sk\/?page_id=50\",\"url\":\"https:\/\/www.bioteka-piestany.sk\/?page_id=50\",\"name\":\"Biorezonancia\"}}]}]}<\/script>\n<!-- \/ Yoast SEO plugin. -->","_links":{"self":[{"href":"https:\/\/www.bioteka-piestany.sk\/index.php?rest_route=\/wp\/v2\/pages\/50","targetHints":{"allow":["GET"]}}],"collection":[{"href":"https:\/\/www.bioteka-piestany.sk\/index.php?rest_route=\/wp\/v2\/pages"}],"about":[{"href":"https:\/\/www.bioteka-piestany.sk\/index.php?rest_route=\/wp\/v2\/types\/page"}],"author":[{"embeddable":true,"href":"https:\/\/www.bioteka-piestany.sk\/index.php?rest_route=\/wp\/v2\/users\/1"}],"replies":[{"embeddable":true,"href":"https:\/\/www.bioteka-piestany.sk\/index.php?rest_route=%2Fwp%2Fv2%2Fcomments&post=50"}],"version-history":[{"count":6,"href":"https:\/\/www.bioteka-piestany.sk\/index.php?rest_route=\/wp\/v2\/pages\/50\/revisions"}],"predecessor-version":[{"id":932,"href":"https:\/\/www.bioteka-piestany.sk\/index.php?rest_route=\/wp\/v2\/pages\/50\/revisions\/932"}],"wp:attachment":[{"href":"https:\/\/www.bioteka-piestany.sk\/index.php?rest_route=%2Fwp%2Fv2%2Fmedia&parent=50"}],"curies":[{"name":"wp","href":"https:\/\/api.w.org\/{rel}","templated":true}]}}